on factor of 322 and p?
161
Suppose 19 = 19*u - 171. Suppose 0 = -4*m + x + 3*x + 292, 3*x = 5*m - 359. Calculate the greatest common factor of u and m.
10
Let j be 1/(-2) + (-95328)/(-192). What is the highest common divisor of j and 248?
248
Let p be (1 + (3 - 6))*-3 - 3. Let o(x) = p - x - 6*x - 5 - 5. Let t be o(-13). What is the highest common divisor of t and 12?
12
Let f be -4*(2 + (-55)/20). Let i be (-2)/(-6) - f*4/(-18). Let r be i/2 - (-15)/6. Calculate the highest common factor of 9 and r.
3
Suppose -4*v + 1 = -29*f + 26*f, -4*f - 2*v + 6 = 0. What is the greatest common factor of f and 2935?
1
Suppose 0 = -n + 26 - 24. Suppose n = 7*l - 12. Suppose -l*v + g = 3*v - 171, -2*g + 78 = 2*v. What is the highest common divisor of v and 14?
7
Let r = 4421 + -3636. What is the highest common factor of r and 20?
5
Let f = -2733 - -2971. Let d(p) = p**2 - 5*p - 10. Let t be d(8). Calculate the highest common factor of f and t.
14
Suppose -3*t + 1350 = 3*t. Let v be 1/(-4) + t/20. Let h(f) = 5*f - 13. Let r be h(18). What is the greatest common divisor of r and v?
11
Suppose -7*w = -24*w + 34. Let z be (36/15)/(w/60). Calculate the highest common factor of 24 and z.
24
Suppose -3*r - 957 = -4*v - 6*r, 4*v + 4*r = 952. Let f = v + -117. What is the highest common factor of f and 18?
18
Suppose -31 = -5*n + 2*h + 1, -2*n + 20 = h. Suppose 5*m + 26 = 7*t - 3*t, 4*m = n. What is the greatest common divisor of t and 36?
9
Let d(n) = 5*n**2 + 20*n - 84. Let k(t) = -t**2 + 1. Let q(z) = d(z) + 6*k(z). Let x be q(14). What is the highest common divisor of 24 and x?
6
Let n = -5148 + 5168. Calculate the greatest common factor of 4610 and n.
10
Let o(i) = 30*i - 21. Let m be o(7). Let x be ((-33)/(-6) + -4)*(-84)/(-9). What is the highest common divisor of x and m?
7
Let b be ((-2)/6)/((-20)/8) - 7942/(-285). Calculate the greatest common factor of b and 12.
4
Let p = -16265 - -16573. What is the greatest common factor of p and 2948?
44
Let v(k) = -k**2 - 11*k + 359. Let m be v(14). Calculate the greatest common divisor of 369 and m.
9
Let g be 18/(-16)*-6 - 3/(-12). Let t = -96 - -131. What is the highest common divisor of t and g?
7
Let d = 158 - 142. Suppose d*i - 18*i = -110. Let a(f) = 3*f - 1. Let p be a(2). Calculate the highest common divisor of i and p.
5
Suppose 75 = 2*h - 105. Let w be -3 + 26/3*h/20. Let n = 32 - -76. What is the greatest common factor of n and w?
36
Let p be 96/(-40)*(-170)/3. Let l = 366 - p. Calculate the greatest common factor of 92 and l.
46
Suppose 20*m - 14*m - 30 = 0. Suppose -5*t + 111 = -4*f, 8*f = -m*t + 3*f + 120. Calculate the greatest common divisor of 184 and t.
23
Suppose 5*d = 5*h - 135, -3*h - 45 = -4*h - 5*d. Suppose 4*q + q - h = 0. Suppose q*y - 4*y = 104. Calculate the highest common divisor of y and 130.
26
Let c = -9498 - -9503. What is the greatest common factor of 10015 and c?
5
Let h = -21 - -27. Suppose h*f - 60 = f. Suppose -13 = f*o - 13*o. What is the highest common factor of 13 and o?
13
Let a be 268*(9/(-9))/(4*-1). Let g = a - 70. Let t(w) = 4*w + 30. Let m be t(g). What is the highest common divisor of m and 144?
18
Let j be 378/(-252) + (-437)/(-2). What is the greatest common divisor of j and 77?
7
Let t(i) = -162*i + 381. Let w be t(2). What is the greatest common divisor of 817 and w?
19
Let q be 3/(-9)*-3 - -4. Let k be 275*((-4)/4 - (-42)/30). What is the highest common divisor of q and k?
5
Let o = 7349 - 7001. What is the highest common divisor of o and 24?
12
Let g = -21381 + 21437. Calculate the greatest common factor of 1816 and g.
8
Let j be ((-6)/(-4))/((-9)/48*123/(-246)). What is the highest common factor of 1112 and j?
8
Suppose -4*u + 326*n - 327*n + 4866 = 0, -n = u - 1221. Calculate the greatest common divisor of 1035 and u.
45
Suppose 28 = -5*c + 4*d + 141, -5*c = -2*d - 119. What is the greatest common divisor of c and 1?
1
Let t be 25/15 + (-5005)/(-21). Suppose -t = -9*s + 4*s. Suppose 3*d - 4*a = 344, 746 = 5*d + 2*a + 138. Calculate the highest common divisor of d and s.
24
Let r(b) = -2*b**2 + 74*b - 35. Let k(m) = m**2 - 25*m + 12. Let y(q) = 11*k(q) + 4*r(q). Let c be y(-15). Calculate the highest common divisor of c and 32.
32
Suppose 0 = 6*m - 234 + 210. Suppose m*p = 4*j - 740, 0*p + 534 = 3*j + 4*p. Calculate the highest common factor of j and 78.
26
Let a be (2/(-4))/(16/(-1632)*-17). Let p be a + 3 + 0 - (-10 + -89). What is the highest common divisor of 11 and p?
11
Suppose 139 = z - 17. Let k(v) = -v**2 - 23*v + 39. Let a = 118 + -141. Let l be k(a). What is the highest common divisor of l and z?
39
Let t(g) = -1509*g + 4560. Let m be t(3). Calculate the greatest common factor of 2816 and m.
11
Let o = 5879 - 5823. What is the greatest common factor of o and 568?
8
Let h be (0 + 2)*(16 - (-126759)/62). Calculate the greatest common factor of 13 and h.
13
Let w be ((-1296)/(-1620))/(4/8*8/990). Calculate the highest common factor of w and 180.
18
Suppose -60 = -6*w + 24. Let b = w + -6. Let k be 41 - (b/2 + -1). What is the highest common factor of k and 19?
19
Suppose 17171 = 2*d - o - 8181, 2*o = 3*d - 38029. What is the highest common factor of 75 and d?
75
Let y be (-2 - 0)/((-4)/10). Let a(o) = -37*o + 4. Let z be a(-1). Let t be (-2)/1 - (24 - z). What is the greatest common factor of y and t?
5
Let a = -11013 + 11679. What is the highest common factor of a and 259?
37
Let n = -168 - -171. Suppose n*k - 5*c = 37, 2*k - 54 = -2*c - 8. What is the highest common factor of k and 3?
1
Let i(q) be the first derivative of -q**2 + 1 + 3*q**2 - 3*q**2 + 24*q - 24. Let m be i(7). Calculate the greatest common factor of m and 20.
10
Let b(j) = 28*j - 126. Let f = -160 - -165. Let t be b(f). Calculate the greatest common divisor of t and 322.
14
Let i(g) be the second derivative of g**2 + 0 - 11/6*g**3 + 14*g. Let y be i(-8). What is the highest common factor of 18 and y?
18
Let a(s) be the second derivative of -s**5/20 - 7*s**4/4 - 10*s**3/3 + 49*s**2/2 + 13*s - 3. Let z be a(-20). Calculate the highest common factor of 637 and z.
49
Suppose -y - 3*m = -4409, 0 = 4*m + 33 - 65. Calculate the highest common divisor of y and 5.
5
Let j = -4964 + 4990. Calculate the highest common factor of j and 3484.
26
Suppose 3*u = -5*i + 28910 + 33724, -i = -2*u - 12532. Calculate the greatest common divisor of i and 116.
116
Suppose 22*p - z = 24*p - 23529, -3*p - 3*z = -35292. Calculate the greatest common divisor of p and 130.
65
Suppose -3*s - 133 = -2*l + 370, 0 = l + 2*s - 234. Suppose -2*c = -3*i - 126, -4*c - 2*i = -4*i - l. What is the greatest common factor of c and 160?
20
Suppose -3*w + 1252 - 349 = 0. Let u be (-1)/3 + (-278)/(-6) + -3. Calculate the highest common divisor of w and u.
43
Suppose 13*h - 93330 = -157*h. What is the highest common factor of 45 and h?
9
Suppose 538 = w + 2*l, -2*w + 4*l + 681 = -403. Calculate the greatest common divisor of 828 and w.
36
Suppose -9*t + 29*t = 260620. What is the greatest common factor of 157 and t?
157
Let t = 73 + -73. Let m(o) = 2*o + 8 + t - 2 + 2. Let g be m(-3). What is the highest common divisor of g and 14?
2
Suppose -4*z + 114 - 22 = 0. Suppose 5*j + 292 = j + 1488. Calculate the highest common factor of z and j.
23
Let a(z) = -z**2 - 14*z + 17. Let c be a(-15). Let l(u) = -60*u - 2204. Let f be l(-37). Calculate the greatest common divisor of c and f.
2
Suppose -37*g - 35 = -42*g, 0 = 4*x - 4*g - 284. Suppose -v - 130 = -5*w + 4*v, 4*v + 56 = 2*w. Calculate the greatest common factor of w and x.
6
Let c be (-52170)/135 + (-12)/(-27). Let y = 573 + c. What is the greatest common factor of 11 and y?
11
Suppose -5*d = -4*u - 8262, 0*u = 2*u + 6. Calculate the highest common factor of d and 66.
66
Let y be ((-18956)/(-21) + -20)*(3 + -1 + 1). Calculate the highest common divisor of y and 8.
8
Suppose -2*y = 0, -15*i = -17*i + 2*y - 8. Let j = 5 - 36. Let n be (1 + 0)/(3 + i) - j. Calculate the greatest common factor of n and 10.
10
Let y be 0 + 87 + (-490 - -508). What is the greatest common divisor of 480 and y?
15
Suppose 1 = -u, -u - 66642 = -4*p + 5723. Calculate the highest common factor of 237 and p.
79
Suppose 5*m - 6*a = 984, 7*m + 4*a = 3*m + 796. Calculate the greatest common factor of m and 18